of 14904?
False
Is 1764587 a multiple of 8?
False
Does 7 divide 452294?
False
Does 667 divide 2622647?
False
Is 125 a factor of 3949250?
True
Is 120554 a multiple of 9?
False
Does 19 divide 5176?
False
Is 105 a factor of 1576155?
True
Does 16 divide 2436992?
True
Is 17 a factor of 19686?
True
Is 10 a factor of 7827146?
False
Does 17 divide 25959?
True
Is 474408 a multiple of 33?
True
Is 213046 a multiple of 504?
False
Is 342 a factor of 4545108?
False
Is 207 a factor of 566766?
True
Is 7388208 a multiple of 6?
True
Is 1520080 a multiple of 40?
True
Is 12 a factor of 2991480?
True
Is 7 a factor of 68974?
False
Is 37555 a multiple of 8?
False
Is 1977360 a multiple of 440?
True
Is 1691678 a multiple of 593?
False
Is 16804031 a multiple of 37?
True
Is 1128 a factor of 3157814?
False
Is 98563 a multiple of 15?
False
Is 49 a factor of 32340?
True
Does 743 divide 733542?
False
Does 38 divide 86908?
False
Is 176440 a multiple of 20?
True
Does 9 divide 582543?
True
Does 3 divide 866786?
False
Is 120 a factor of 181680?
True
Is 964851 a multiple of 74?
False
Is 1463467 a multiple of 22?
False
Is 27079 a multiple of 13?
True
Does 36 divide 12013632?
True
Is 44 a factor of 13669229?
False
Does 588 divide 2055259?
False
Is 5597695 a multiple of 579?
False
Does 558 divide 609250?
False
Is 116160 a multiple of 120?
True
Is 1923988 a multiple of 292?
True
Is 745248 a multiple of 56?
True
Does 7 divide 7622886?
False
Is 123173 a multiple of 37?
True
Does 6 divide 1325880?
True
Is 2388601 a multiple of 49?
False
Is 140 a factor of 136220?
True
Is 4692792 a multiple of 8?
True
Is 1870193 a multiple of 25?
False
Does 120 divide 467400?
True
Is 29 a factor of 120901?
True
Does 12 divide 11514?
False
Is 46784 a multiple of 84?
False
Is 22533 a multiple of 111?
True
Is 75970 a multiple of 41?
False
Does 75 divide 70769?
False
Does 293 divide 116028?
True
Does 14 divide 845588?
False
Is 206 a factor of 2759798?
False
Is 318 a factor of 48242?
False
Does 17 divide 161296?
True
Is 173309 a multiple of 30?
False
Does 221 divide 89433?
False
Does 34 divide 472532?
True
Is 137228 a multiple of 169?
True
Does 83 divide 897894?
True
Does 42 divide 20916?
True
Is 138 a factor of 1380552?
True
Is 20446821 a multiple of 34?
False
Does 73 divide 517351?
True
Does 1588 divide 17675386?
False
Is 298364 a multiple of 66?
False
Is 997766 a multiple of 77?
True
Does 410 divide 2038489?
False
Is 80943 a multiple of 106?
False
Does 88 divide 43560?
True
Is 215 a factor of 5474720?
False
Is 84 a factor of 243399?
False
Does 19 divide 9389458?
True
Is 41470 a multiple of 12?
False
Is 2944672 a multiple of 121?
False
Does 150 divide 493859?
False
Does 40 divide 4427840?
True
Does 8 divide 20965808?
True
Is 119 a factor of 168980?
True
Is 15 a factor of 175635?
True
Is 2970 a multiple of 28?
False
Is 44215 a multiple of 49?
False
Is 326 a factor of 436514?
True
Is 16 a factor of 4126288?
True
Does 837 divide 7830972?
True
Does 32 divide 1218877?
False
Does 4 divide 174613?
False
Is 9 a factor of 115399?
False
Is 107 a factor of 2497731?
False
Does 9 divide 27828?
True
Does 114 divide 1140684?
True
Is 47645 a multiple of 2?
False
Is 206 a factor of 45114?
True
Does 111 divide 2958372?
True
Is 573 a factor of 11537355?
True
Does 15 divide 121283?
False
Is 89 a factor of 881990?
True
Is 5280937 a multiple of 25?
False
Does 62 divide 384290?
False
Is 25226816 a multiple of 32?
True
Does 383 divide 3062248?
False
Is 523180 a multiple of 18?
False
Is 1536 a multiple of 6?
True
Is 40 a factor of 402840?
True
Is 7706628 a multiple of 361?
True
Is 58 a factor of 12152491?
False
Does 58 divide 1079105?
False
Is 93 a factor of 1079265?
True
Is 5435455 a multiple of 35?
False
Is 79299 a multiple of 27?
True
Is 29 a factor of 867303?
True
Is 10 a factor of 21560?
True
Does 5 divide 445030?
True
Is 6536902 a multiple of 117?
False
Does 11 divide 566084?
False
Is 736252 a multiple of 86?
False
Is 4 a factor of 34026?
False
Is 646335 a multiple of 159?
True
Is 215628 a multiple of 12?
True
Does 195 divide 829920?
True
Does 3 divide 257106?
True
Is 3736727 a multiple of 308?
False
Is 372 a factor of 14713354?
False
Is 50489 a multiple of 29?
True
Is 6964034 a multiple of 1694?
True
Is 250584 a multiple of 591?
True
Does 793 divide 2169648?
True
Is 157 a factor of 3926570?
True
Is 87 a factor of 147030?
True
Is 29 a factor of 438262?
False
Does 15 divide 242190?
True
Is 18 a factor of 8951760?
True
Is 33 a factor of 1460695?
False
Is 34565 a multiple of 31?
True
Is 2029588 a multiple of 35?
False
Is 49540 a multiple of 10?
True
Does 12 divide 9659527?
False
Does 15 divide 4885626?
False
Does 132 divide 26268?
True
Is 70 a factor of 358750?
True
Is 22 a factor of 114312?
True
Is 655368 a multiple of 9?
False
Is 8228695 a multiple of 258?
False
Is 92 a factor of 146648?
True
Is 6839947 a multiple of 67?
False
Is 966294 a multiple of 63?
True
Does 162 divide 30924?
False
Does 16 divide 2812560?
True
Is 26697 a multiple of 33?
True
Is 256 a factor of 973312?
True
Is 5507240 a multiple of 1051?
True
Does 331 divide 9526180?
True
Is 18 a factor of 1520504?
False
Does 1476 divide 2240568?
True
Is 96833 a multiple of 206?
False
Is 1984635 a multiple of 241?
True
Is 8 a factor of 78563?
False
Is 921 a factor of 19106066?
False
Is 870922 a multiple of 216?
False
Is 22703 a multiple of 10?
False
Is 5 a factor of 205544?
False
Does 101 divide 966789?
False
Is 3495933 a multiple of 63?
True
Is 118368 a multiple of 16?
True
Is 38626 a multiple of 217?
True
Is 647 a factor of 4689887?
False
Does 41 divide 41609?
False
Is 209803 a multiple of 30?
False
Is 316 a factor of 1304433?
False
Does 3 divide 359866?
False
Does 40 divide 95845?
False
Is 20 a factor of 181833?
False
Is 3077628 a multiple of 81?
False
Is 36 a factor of 215265?
False
Does 99 divide 902187?
True
Does 13 divide 250335?
False
Is 84 a factor of 9473221?
False
Is 42608 a multiple of 172?
False
Is 3105730 a multiple of 170?
True
Is 9 a factor of 649388?
False
Does 229 divide 3917503?
True
Is 10800182 a multiple of 26?
False
Does 101 divide 25706?
False
Is 713062 a multiple of 434?
True
Does 26 divide 382445?
False
Is 367299 a multiple of 9?
True
Is 21169 even?
False
Does 3 divide 39539?
False
Is 13 a factor of 96538?
True
Is 23 a factor of 548711?
True
Does 27 divide 959?
False
Does 918 divide 4282470?
True
Does 32 divide 3980938?
False
Is 50 a factor of 16744?
False
Is 33666 a multiple of 26?
False
Is 1992606 a multiple of 11?
True
Does 493 divide 3321341?
True
Does 153 divide 169467?
False
Is 14 a factor of 82488?
True
Is 8 a factor of 1669224?
True
Is 15 a factor of 1424565?
True
Is 9 a factor of 15957?
True
Is 6 a factor of 177938?
False
Is 151379 a multiple of 137?
False
Does 397 divide 1227127?
True
Is 192078 a multiple of 54?
True
Is 535156 a multiple of 337?
True
Is 15951 a multiple of 22?
False
Is 44 a factor of 35326?
False
Is 158270 a multiple of 119?
True
Does 84 divide 107688?
True
Is 6232 a multiple of 8?
True
Does 208 divide 105664?
True
Does 426 divide 101961?
False
Is 15 a factor of 1122817?
False
Is 223 a factor of 7224531?
True
Is 433566 a multiple of 8?
False
Does 5 divide 29450?
True
Is 1015029 a multiple of 9?
True
Is 895595 a multiple of 266?
False
Does 15 divide 10155?
True
Does 14 divide 69636?
True
Is 791 a factor of 683424?
True
Does 33 divide 34477?
False
Does 7 divide 1424102?
False
Does 3 divide 55418?
False
Is 38 a factor of 99926?
False
Does 13 divide 3163797?
True
Is 3 a factor of 10575?
True
Is 1012 a factor of 3061289?
False
Is 17 a factor of 840072?
True
Is 115 a factor of 1576385?
False
Is 101 a factor of 8008189?
True
Is 7797275 a multiple of 586?
False
Is 13534 a multiple of 4?
False
Is 3126417 a multiple of 371?
True
Does 56 divide 408115?
False
Does 6 divide 40292?
False
Is 981275 a multiple of 25?
True
Is 6 a factor of 1007712?
True
Is 2550652 a multiple of 1084?
True
Is 299520 a multiple of 60?
True
Is 568841 a multiple of 49?
True
Does 9 divide 470816?
False
Does 150 divide 131550?
True
Is 270372 a multiple of 9?
False
Is 435 a factor of 6836845?
False
Does 8 divide 186614?
False
Does 32 divide 373154?
False
Is 413642 a multiple of 3?
False
Is 1880390 a multiple of 31?
False
Is 55 a factor of 524455?
False
Is